{"id":1302,"date":"2025-12-12T08:53:23","date_gmt":"2025-12-12T07:53:23","guid":{"rendered":"https:\/\/gnd.catdiver.fr\/?page_id=1302"},"modified":"2026-04-12T13:42:14","modified_gmt":"2026-04-12T11:42:14","slug":"membres-2026","status":"publish","type":"page","link":"https:\/\/gnd.catdiver.fr\/index.php\/activites\/membres-2026\/","title":{"rendered":"Membres 2026"},"content":{"rendered":"\n<figure class=\"wp-block-gallery has-nested-images columns-default is-cropped wp-block-gallery-1 is-layout-flex wp-block-gallery-is-layout-flex\">\n<figure data-wp-context=\"{&quot;imageId&quot;:&quot;6a04d97230ac8&quot;}\" data-wp-interactive=\"core\/image\" data-wp-key=\"6a04d97230ac8\" class=\"wp-block-image size-large wp-lightbox-container\"><img loading=\"lazy\" decoding=\"async\" width=\"1024\" height=\"576\" data-wp-class--hide=\"state.isContentHidden\" data-wp-class--show=\"state.isContentVisible\" data-wp-init=\"callbacks.setButtonStyles\" data-wp-on--click=\"actions.showLightbox\" data-wp-on--load=\"callbacks.setButtonStyles\" data-wp-on-window--resize=\"callbacks.setButtonStyles\" data-id=\"134\" src=\"https:\/\/gnd.catdiver.fr\/wp-content\/uploads\/2024\/03\/nico-1024x576.jpeg\" alt=\"\" class=\"wp-image-134\" srcset=\"https:\/\/gnd.catdiver.fr\/wp-content\/uploads\/2024\/03\/nico-1024x576.jpeg 1024w, https:\/\/gnd.catdiver.fr\/wp-content\/uploads\/2024\/03\/nico-300x169.jpeg 300w, https:\/\/gnd.catdiver.fr\/wp-content\/uploads\/2024\/03\/nico.jpeg 1920w\" sizes=\"auto, (max-width: 1024px) 100vw, 1024px\" \/><button\n\t\t\tclass=\"lightbox-trigger\"\n\t\t\ttype=\"button\"\n\t\t\taria-haspopup=\"dialog\"\n\t\t\taria-label=\"Agrandir\"\n\t\t\tdata-wp-init=\"callbacks.initTriggerButton\"\n\t\t\tdata-wp-on--click=\"actions.showLightbox\"\n\t\t\tdata-wp-style--right=\"state.imageButtonRight\"\n\t\t\tdata-wp-style--top=\"state.imageButtonTop\"\n\t\t>\n\t\t\t<svg xmlns=\"http:\/\/www.w3.org\/2000\/svg\" width=\"12\" height=\"12\" fill=\"none\" viewBox=\"0 0 12 12\">\n\t\t\t\t<path fill=\"#fff\" d=\"M2 0a2 2 0 0 0-2 2v2h1.5V2a.5.5 0 0 1 .5-.5h2V0H2Zm2 10.5H2a.5.5 0 0 1-.5-.5V8H0v2a2 2 0 0 0 2 2h2v-1.5ZM8 12v-1.5h2a.5.5 0 0 0 .5-.5V8H12v2a2 2 0 0 1-2 2H8Zm2-12a2 2 0 0 1 2 2v2h-1.5V2a.5.5 0 0 0-.5-.5H8V0h2Z\" \/>\n\t\t\t<\/svg>\n\t\t<\/button><figcaption class=\"wp-element-caption\">Nicolas Desvignes, tr\u00e9sorier, webmaster, r\u00e9f\u00e9rent plong\u00e9e souterraine<\/figcaption><\/figure>\n\n\n\n<figure data-wp-context=\"{&quot;imageId&quot;:&quot;6a04d97230de3&quot;}\" data-wp-interactive=\"core\/image\" data-wp-key=\"6a04d97230de3\" class=\"wp-block-image size-large wp-lightbox-container\"><img loading=\"lazy\" decoding=\"async\" width=\"1024\" height=\"1024\" data-wp-class--hide=\"state.isContentHidden\" data-wp-class--show=\"state.isContentVisible\" data-wp-init=\"callbacks.setButtonStyles\" data-wp-on--click=\"actions.showLightbox\" data-wp-on--load=\"callbacks.setButtonStyles\" data-wp-on-window--resize=\"callbacks.setButtonStyles\" data-id=\"156\" src=\"https:\/\/gnd.catdiver.fr\/wp-content\/uploads\/2024\/03\/nadja-1-1024x1024.jpeg\" alt=\"\" class=\"wp-image-156\" srcset=\"https:\/\/gnd.catdiver.fr\/wp-content\/uploads\/2024\/03\/nadja-1-1024x1024.jpeg 1024w, https:\/\/gnd.catdiver.fr\/wp-content\/uploads\/2024\/03\/nadja-1-300x300.jpeg 300w, https:\/\/gnd.catdiver.fr\/wp-content\/uploads\/2024\/03\/nadja-1-150x150.jpeg 150w, https:\/\/gnd.catdiver.fr\/wp-content\/uploads\/2024\/03\/nadja-1.jpeg 1080w\" sizes=\"auto, (max-width: 1024px) 100vw, 1024px\" \/><button\n\t\t\tclass=\"lightbox-trigger\"\n\t\t\ttype=\"button\"\n\t\t\taria-haspopup=\"dialog\"\n\t\t\taria-label=\"Agrandir\"\n\t\t\tdata-wp-init=\"callbacks.initTriggerButton\"\n\t\t\tdata-wp-on--click=\"actions.showLightbox\"\n\t\t\tdata-wp-style--right=\"state.imageButtonRight\"\n\t\t\tdata-wp-style--top=\"state.imageButtonTop\"\n\t\t>\n\t\t\t<svg xmlns=\"http:\/\/www.w3.org\/2000\/svg\" width=\"12\" height=\"12\" fill=\"none\" viewBox=\"0 0 12 12\">\n\t\t\t\t<path fill=\"#fff\" d=\"M2 0a2 2 0 0 0-2 2v2h1.5V2a.5.5 0 0 1 .5-.5h2V0H2Zm2 10.5H2a.5.5 0 0 1-.5-.5V8H0v2a2 2 0 0 0 2 2h2v-1.5ZM8 12v-1.5h2a.5.5 0 0 0 .5-.5V8H12v2a2 2 0 0 1-2 2H8Zm2-12a2 2 0 0 1 2 2v2h-1.5V2a.5.5 0 0 0-.5-.5H8V0h2Z\" \/>\n\t\t\t<\/svg>\n\t\t<\/button><figcaption class=\"wp-element-caption\">Nadja Marchal, pr\u00e9sidente<\/figcaption><\/figure>\n\n\n\n<figure data-wp-context=\"{&quot;imageId&quot;:&quot;6a04d972310f6&quot;}\" data-wp-interactive=\"core\/image\" data-wp-key=\"6a04d972310f6\" class=\"wp-block-image size-large wp-lightbox-container\"><img loading=\"lazy\" decoding=\"async\" width=\"769\" height=\"1024\" data-wp-class--hide=\"state.isContentHidden\" data-wp-class--show=\"state.isContentVisible\" data-wp-init=\"callbacks.setButtonStyles\" data-wp-on--click=\"actions.showLightbox\" data-wp-on--load=\"callbacks.setButtonStyles\" data-wp-on-window--resize=\"callbacks.setButtonStyles\" data-id=\"1303\" src=\"https:\/\/gnd.catdiver.fr\/wp-content\/uploads\/2025\/12\/IMG_0585-769x1024.avif\" alt=\"\" class=\"wp-image-1303\" srcset=\"https:\/\/gnd.catdiver.fr\/wp-content\/uploads\/2025\/12\/IMG_0585-769x1024.avif 769w, https:\/\/gnd.catdiver.fr\/wp-content\/uploads\/2025\/12\/IMG_0585-225x300.avif 225w, https:\/\/gnd.catdiver.fr\/wp-content\/uploads\/2025\/12\/IMG_0585.avif 1537w\" sizes=\"auto, (max-width: 769px) 100vw, 769px\" \/><button\n\t\t\tclass=\"lightbox-trigger\"\n\t\t\ttype=\"button\"\n\t\t\taria-haspopup=\"dialog\"\n\t\t\taria-label=\"Agrandir\"\n\t\t\tdata-wp-init=\"callbacks.initTriggerButton\"\n\t\t\tdata-wp-on--click=\"actions.showLightbox\"\n\t\t\tdata-wp-style--right=\"state.imageButtonRight\"\n\t\t\tdata-wp-style--top=\"state.imageButtonTop\"\n\t\t>\n\t\t\t<svg xmlns=\"http:\/\/www.w3.org\/2000\/svg\" width=\"12\" height=\"12\" fill=\"none\" viewBox=\"0 0 12 12\">\n\t\t\t\t<path fill=\"#fff\" d=\"M2 0a2 2 0 0 0-2 2v2h1.5V2a.5.5 0 0 1 .5-.5h2V0H2Zm2 10.5H2a.5.5 0 0 1-.5-.5V8H0v2a2 2 0 0 0 2 2h2v-1.5ZM8 12v-1.5h2a.5.5 0 0 0 .5-.5V8H12v2a2 2 0 0 1-2 2H8Zm2-12a2 2 0 0 1 2 2v2h-1.5V2a.5.5 0 0 0-.5-.5H8V0h2Z\" \/>\n\t\t\t<\/svg>\n\t\t<\/button><figcaption class=\"wp-element-caption\">Charles Girard, secr\u00e9taire<\/figcaption><\/figure>\n\n\n\n<figure data-wp-context=\"{&quot;imageId&quot;:&quot;6a04d972313dd&quot;}\" data-wp-interactive=\"core\/image\" data-wp-key=\"6a04d972313dd\" class=\"wp-block-image size-large wp-lightbox-container\"><img loading=\"lazy\" decoding=\"async\" width=\"768\" height=\"1024\" data-wp-class--hide=\"state.isContentHidden\" data-wp-class--show=\"state.isContentVisible\" data-wp-init=\"callbacks.setButtonStyles\" data-wp-on--click=\"actions.showLightbox\" data-wp-on--load=\"callbacks.setButtonStyles\" data-wp-on-window--resize=\"callbacks.setButtonStyles\" data-id=\"1081\" src=\"https:\/\/gnd.catdiver.fr\/wp-content\/uploads\/2025\/05\/IMG-20250425-WA0077-768x1024.avif\" alt=\"\" class=\"wp-image-1081\" srcset=\"https:\/\/gnd.catdiver.fr\/wp-content\/uploads\/2025\/05\/IMG-20250425-WA0077-768x1024.avif 768w, https:\/\/gnd.catdiver.fr\/wp-content\/uploads\/2025\/05\/IMG-20250425-WA0077-225x300.avif 225w, https:\/\/gnd.catdiver.fr\/wp-content\/uploads\/2025\/05\/IMG-20250425-WA0077.avif 1200w\" sizes=\"auto, (max-width: 768px) 100vw, 768px\" \/><button\n\t\t\tclass=\"lightbox-trigger\"\n\t\t\ttype=\"button\"\n\t\t\taria-haspopup=\"dialog\"\n\t\t\taria-label=\"Agrandir\"\n\t\t\tdata-wp-init=\"callbacks.initTriggerButton\"\n\t\t\tdata-wp-on--click=\"actions.showLightbox\"\n\t\t\tdata-wp-style--right=\"state.imageButtonRight\"\n\t\t\tdata-wp-style--top=\"state.imageButtonTop\"\n\t\t>\n\t\t\t<svg xmlns=\"http:\/\/www.w3.org\/2000\/svg\" width=\"12\" height=\"12\" fill=\"none\" viewBox=\"0 0 12 12\">\n\t\t\t\t<path fill=\"#fff\" d=\"M2 0a2 2 0 0 0-2 2v2h1.5V2a.5.5 0 0 1 .5-.5h2V0H2Zm2 10.5H2a.5.5 0 0 1-.5-.5V8H0v2a2 2 0 0 0 2 2h2v-1.5ZM8 12v-1.5h2a.5.5 0 0 0 .5-.5V8H12v2a2 2 0 0 1-2 2H8Zm2-12a2 2 0 0 1 2 2v2h-1.5V2a.5.5 0 0 0-.5-.5H8V0h2Z\" \/>\n\t\t\t<\/svg>\n\t\t<\/button><figcaption class=\"wp-element-caption\">Amandine Peylin<\/figcaption><\/figure>\n\n\n\n<figure data-wp-context=\"{&quot;imageId&quot;:&quot;6a04d972316a2&quot;}\" data-wp-interactive=\"core\/image\" data-wp-key=\"6a04d972316a2\" class=\"wp-block-image size-large wp-lightbox-container\"><img loading=\"lazy\" decoding=\"async\" width=\"769\" height=\"1024\" data-wp-class--hide=\"state.isContentHidden\" data-wp-class--show=\"state.isContentVisible\" data-wp-init=\"callbacks.setButtonStyles\" data-wp-on--click=\"actions.showLightbox\" data-wp-on--load=\"callbacks.setButtonStyles\" data-wp-on-window--resize=\"callbacks.setButtonStyles\" data-id=\"857\" src=\"https:\/\/gnd.catdiver.fr\/wp-content\/uploads\/2025\/01\/WhatsApp-Image-2025-01-23-at-09.54.32-8-769x1024.jpeg\" alt=\"\" class=\"wp-image-857\" srcset=\"https:\/\/gnd.catdiver.fr\/wp-content\/uploads\/2025\/01\/WhatsApp-Image-2025-01-23-at-09.54.32-8-769x1024.jpeg 769w, https:\/\/gnd.catdiver.fr\/wp-content\/uploads\/2025\/01\/WhatsApp-Image-2025-01-23-at-09.54.32-8-225x300.jpeg 225w, https:\/\/gnd.catdiver.fr\/wp-content\/uploads\/2025\/01\/WhatsApp-Image-2025-01-23-at-09.54.32-8.jpeg 1537w\" sizes=\"auto, (max-width: 769px) 100vw, 769px\" \/><button\n\t\t\tclass=\"lightbox-trigger\"\n\t\t\ttype=\"button\"\n\t\t\taria-haspopup=\"dialog\"\n\t\t\taria-label=\"Agrandir\"\n\t\t\tdata-wp-init=\"callbacks.initTriggerButton\"\n\t\t\tdata-wp-on--click=\"actions.showLightbox\"\n\t\t\tdata-wp-style--right=\"state.imageButtonRight\"\n\t\t\tdata-wp-style--top=\"state.imageButtonTop\"\n\t\t>\n\t\t\t<svg xmlns=\"http:\/\/www.w3.org\/2000\/svg\" width=\"12\" height=\"12\" fill=\"none\" viewBox=\"0 0 12 12\">\n\t\t\t\t<path fill=\"#fff\" d=\"M2 0a2 2 0 0 0-2 2v2h1.5V2a.5.5 0 0 1 .5-.5h2V0H2Zm2 10.5H2a.5.5 0 0 1-.5-.5V8H0v2a2 2 0 0 0 2 2h2v-1.5ZM8 12v-1.5h2a.5.5 0 0 0 .5-.5V8H12v2a2 2 0 0 1-2 2H8Zm2-12a2 2 0 0 1 2 2v2h-1.5V2a.5.5 0 0 0-.5-.5H8V0h2Z\" \/>\n\t\t\t<\/svg>\n\t\t<\/button><figcaption class=\"wp-element-caption\">Ronan Audouze<\/figcaption><\/figure>\n\n\n\n<figure data-wp-context=\"{&quot;imageId&quot;:&quot;6a04d9723196d&quot;}\" data-wp-interactive=\"core\/image\" data-wp-key=\"6a04d9723196d\" class=\"wp-block-image size-large wp-lightbox-container\"><img loading=\"lazy\" decoding=\"async\" width=\"768\" height=\"1024\" data-wp-class--hide=\"state.isContentHidden\" data-wp-class--show=\"state.isContentVisible\" data-wp-init=\"callbacks.setButtonStyles\" data-wp-on--click=\"actions.showLightbox\" data-wp-on--load=\"callbacks.setButtonStyles\" data-wp-on-window--resize=\"callbacks.setButtonStyles\" data-id=\"1304\" src=\"https:\/\/gnd.catdiver.fr\/wp-content\/uploads\/2025\/12\/IMG_0664-768x1024.avif\" alt=\"\" class=\"wp-image-1304\" srcset=\"https:\/\/gnd.catdiver.fr\/wp-content\/uploads\/2025\/12\/IMG_0664-768x1024.avif 768w, https:\/\/gnd.catdiver.fr\/wp-content\/uploads\/2025\/12\/IMG_0664-225x300.avif 225w, https:\/\/gnd.catdiver.fr\/wp-content\/uploads\/2025\/12\/IMG_0664.avif 1200w\" sizes=\"auto, (max-width: 768px) 100vw, 768px\" \/><button\n\t\t\tclass=\"lightbox-trigger\"\n\t\t\ttype=\"button\"\n\t\t\taria-haspopup=\"dialog\"\n\t\t\taria-label=\"Agrandir\"\n\t\t\tdata-wp-init=\"callbacks.initTriggerButton\"\n\t\t\tdata-wp-on--click=\"actions.showLightbox\"\n\t\t\tdata-wp-style--right=\"state.imageButtonRight\"\n\t\t\tdata-wp-style--top=\"state.imageButtonTop\"\n\t\t>\n\t\t\t<svg xmlns=\"http:\/\/www.w3.org\/2000\/svg\" width=\"12\" height=\"12\" fill=\"none\" viewBox=\"0 0 12 12\">\n\t\t\t\t<path fill=\"#fff\" d=\"M2 0a2 2 0 0 0-2 2v2h1.5V2a.5.5 0 0 1 .5-.5h2V0H2Zm2 10.5H2a.5.5 0 0 1-.5-.5V8H0v2a2 2 0 0 0 2 2h2v-1.5ZM8 12v-1.5h2a.5.5 0 0 0 .5-.5V8H12v2a2 2 0 0 1-2 2H8Zm2-12a2 2 0 0 1 2 2v2h-1.5V2a.5.5 0 0 0-.5-.5H8V0h2Z\" \/>\n\t\t\t<\/svg>\n\t\t<\/button><figcaption class=\"wp-element-caption\">Adeline Ferrandez<\/figcaption><\/figure>\n\n\n\n<figure data-wp-context=\"{&quot;imageId&quot;:&quot;6a04d97231c95&quot;}\" data-wp-interactive=\"core\/image\" data-wp-key=\"6a04d97231c95\" class=\"wp-block-image size-large wp-lightbox-container\"><img loading=\"lazy\" decoding=\"async\" width=\"769\" height=\"1024\" data-wp-class--hide=\"state.isContentHidden\" data-wp-class--show=\"state.isContentVisible\" data-wp-init=\"callbacks.setButtonStyles\" data-wp-on--click=\"actions.showLightbox\" data-wp-on--load=\"callbacks.setButtonStyles\" data-wp-on-window--resize=\"callbacks.setButtonStyles\" data-id=\"1305\" src=\"https:\/\/gnd.catdiver.fr\/wp-content\/uploads\/2025\/12\/IMG_0665-769x1024.avif\" alt=\"\" class=\"wp-image-1305\" srcset=\"https:\/\/gnd.catdiver.fr\/wp-content\/uploads\/2025\/12\/IMG_0665-769x1024.avif 769w, https:\/\/gnd.catdiver.fr\/wp-content\/uploads\/2025\/12\/IMG_0665-225x300.avif 225w, https:\/\/gnd.catdiver.fr\/wp-content\/uploads\/2025\/12\/IMG_0665.avif 1537w\" sizes=\"auto, (max-width: 769px) 100vw, 769px\" \/><button\n\t\t\tclass=\"lightbox-trigger\"\n\t\t\ttype=\"button\"\n\t\t\taria-haspopup=\"dialog\"\n\t\t\taria-label=\"Agrandir\"\n\t\t\tdata-wp-init=\"callbacks.initTriggerButton\"\n\t\t\tdata-wp-on--click=\"actions.showLightbox\"\n\t\t\tdata-wp-style--right=\"state.imageButtonRight\"\n\t\t\tdata-wp-style--top=\"state.imageButtonTop\"\n\t\t>\n\t\t\t<svg xmlns=\"http:\/\/www.w3.org\/2000\/svg\" width=\"12\" height=\"12\" fill=\"none\" viewBox=\"0 0 12 12\">\n\t\t\t\t<path fill=\"#fff\" d=\"M2 0a2 2 0 0 0-2 2v2h1.5V2a.5.5 0 0 1 .5-.5h2V0H2Zm2 10.5H2a.5.5 0 0 1-.5-.5V8H0v2a2 2 0 0 0 2 2h2v-1.5ZM8 12v-1.5h2a.5.5 0 0 0 .5-.5V8H12v2a2 2 0 0 1-2 2H8Zm2-12a2 2 0 0 1 2 2v2h-1.5V2a.5.5 0 0 0-.5-.5H8V0h2Z\" \/>\n\t\t\t<\/svg>\n\t\t<\/button><figcaption class=\"wp-element-caption\">Ariane \u00ab&nbsp;Micro Louloute&nbsp;\u00bb<\/figcaption><\/figure>\n\n\n\n<figure data-wp-context=\"{&quot;imageId&quot;:&quot;6a04d97231f86&quot;}\" data-wp-interactive=\"core\/image\" data-wp-key=\"6a04d97231f86\" class=\"wp-block-image size-large wp-lightbox-container\"><img loading=\"lazy\" decoding=\"async\" width=\"571\" height=\"742\" data-wp-class--hide=\"state.isContentHidden\" data-wp-class--show=\"state.isContentVisible\" data-wp-init=\"callbacks.setButtonStyles\" data-wp-on--click=\"actions.showLightbox\" data-wp-on--load=\"callbacks.setButtonStyles\" data-wp-on-window--resize=\"callbacks.setButtonStyles\" data-id=\"1249\" src=\"https:\/\/gnd.catdiver.fr\/wp-content\/uploads\/2025\/09\/WhatsApp-Image-2025-08-26-at-08.03.19.avif\" alt=\"\" class=\"wp-image-1249\" srcset=\"https:\/\/gnd.catdiver.fr\/wp-content\/uploads\/2025\/09\/WhatsApp-Image-2025-08-26-at-08.03.19.avif 571w, https:\/\/gnd.catdiver.fr\/wp-content\/uploads\/2025\/09\/WhatsApp-Image-2025-08-26-at-08.03.19-231x300.avif 231w\" sizes=\"auto, (max-width: 571px) 100vw, 571px\" \/><button\n\t\t\tclass=\"lightbox-trigger\"\n\t\t\ttype=\"button\"\n\t\t\taria-haspopup=\"dialog\"\n\t\t\taria-label=\"Agrandir\"\n\t\t\tdata-wp-init=\"callbacks.initTriggerButton\"\n\t\t\tdata-wp-on--click=\"actions.showLightbox\"\n\t\t\tdata-wp-style--right=\"state.imageButtonRight\"\n\t\t\tdata-wp-style--top=\"state.imageButtonTop\"\n\t\t>\n\t\t\t<svg xmlns=\"http:\/\/www.w3.org\/2000\/svg\" width=\"12\" height=\"12\" fill=\"none\" viewBox=\"0 0 12 12\">\n\t\t\t\t<path fill=\"#fff\" d=\"M2 0a2 2 0 0 0-2 2v2h1.5V2a.5.5 0 0 1 .5-.5h2V0H2Zm2 10.5H2a.5.5 0 0 1-.5-.5V8H0v2a2 2 0 0 0 2 2h2v-1.5ZM8 12v-1.5h2a.5.5 0 0 0 .5-.5V8H12v2a2 2 0 0 1-2 2H8Zm2-12a2 2 0 0 1 2 2v2h-1.5V2a.5.5 0 0 0-.5-.5H8V0h2Z\" \/>\n\t\t\t<\/svg>\n\t\t<\/button><figcaption class=\"wp-element-caption\">C\u00f4me Gibelin<\/figcaption><\/figure>\n\n\n\n<figure class=\"wp-block-image size-large\"><img loading=\"lazy\" decoding=\"async\" width=\"376\" height=\"456\" data-id=\"974\" src=\"https:\/\/gnd.catdiver.fr\/wp-content\/uploads\/2025\/03\/cropped-logovertGang-des-Niphargus-Dechaines-1-png.avif\" alt=\"\" class=\"wp-image-974\" srcset=\"https:\/\/gnd.catdiver.fr\/wp-content\/uploads\/2025\/03\/cropped-logovertGang-des-Niphargus-Dechaines-1-png.avif 376w, https:\/\/gnd.catdiver.fr\/wp-content\/uploads\/2025\/03\/cropped-logovertGang-des-Niphargus-Dechaines-1-247x300.avif 247w\" sizes=\"auto, (max-width: 376px) 100vw, 376px\" \/><figcaption class=\"wp-element-caption\">Lysiane Grivel<\/figcaption><\/figure>\n<\/figure>\n\n\n\n<div style=\"height:100px\" aria-hidden=\"true\" class=\"wp-block-spacer\"><\/div>\n\n\n\n<figure class=\"wp-block-gallery has-nested-images columns-default is-cropped wp-block-gallery-2 is-layout-flex wp-block-gallery-is-layout-flex\">\n<figure data-wp-context=\"{&quot;imageId&quot;:&quot;6a04d97232cb5&quot;}\" data-wp-interactive=\"core\/image\" data-wp-key=\"6a04d97232cb5\" class=\"wp-block-image size-large wp-lightbox-container\"><img loading=\"lazy\" decoding=\"async\" width=\"768\" height=\"1024\" data-wp-class--hide=\"state.isContentHidden\" data-wp-class--show=\"state.isContentVisible\" data-wp-init=\"callbacks.setButtonStyles\" data-wp-on--click=\"actions.showLightbox\" data-wp-on--load=\"callbacks.setButtonStyles\" data-wp-on-window--resize=\"callbacks.setButtonStyles\" data-id=\"1457\" src=\"https:\/\/gnd.catdiver.fr\/wp-content\/uploads\/2025\/12\/1000052305-768x1024.avif\" alt=\"\" class=\"wp-image-1457\" srcset=\"https:\/\/gnd.catdiver.fr\/wp-content\/uploads\/2025\/12\/1000052305-768x1024.avif 768w, https:\/\/gnd.catdiver.fr\/wp-content\/uploads\/2025\/12\/1000052305-225x300.avif 225w, https:\/\/gnd.catdiver.fr\/wp-content\/uploads\/2025\/12\/1000052305.avif 1200w\" sizes=\"auto, (max-width: 768px) 100vw, 768px\" \/><button\n\t\t\tclass=\"lightbox-trigger\"\n\t\t\ttype=\"button\"\n\t\t\taria-haspopup=\"dialog\"\n\t\t\taria-label=\"Agrandir\"\n\t\t\tdata-wp-init=\"callbacks.initTriggerButton\"\n\t\t\tdata-wp-on--click=\"actions.showLightbox\"\n\t\t\tdata-wp-style--right=\"state.imageButtonRight\"\n\t\t\tdata-wp-style--top=\"state.imageButtonTop\"\n\t\t>\n\t\t\t<svg xmlns=\"http:\/\/www.w3.org\/2000\/svg\" width=\"12\" height=\"12\" fill=\"none\" viewBox=\"0 0 12 12\">\n\t\t\t\t<path fill=\"#fff\" d=\"M2 0a2 2 0 0 0-2 2v2h1.5V2a.5.5 0 0 1 .5-.5h2V0H2Zm2 10.5H2a.5.5 0 0 1-.5-.5V8H0v2a2 2 0 0 0 2 2h2v-1.5ZM8 12v-1.5h2a.5.5 0 0 0 .5-.5V8H12v2a2 2 0 0 1-2 2H8Zm2-12a2 2 0 0 1 2 2v2h-1.5V2a.5.5 0 0 0-.5-.5H8V0h2Z\" \/>\n\t\t\t<\/svg>\n\t\t<\/button><figcaption class=\"wp-element-caption\">Rachel Yang <\/figcaption><\/figure>\n\n\n\n<figure data-wp-context=\"{&quot;imageId&quot;:&quot;6a04d97232fc1&quot;}\" data-wp-interactive=\"core\/image\" data-wp-key=\"6a04d97232fc1\" class=\"wp-block-image size-large wp-lightbox-container\"><img loading=\"lazy\" decoding=\"async\" width=\"576\" height=\"1024\" data-wp-class--hide=\"state.isContentHidden\" data-wp-class--show=\"state.isContentVisible\" data-wp-init=\"callbacks.setButtonStyles\" data-wp-on--click=\"actions.showLightbox\" data-wp-on--load=\"callbacks.setButtonStyles\" data-wp-on-window--resize=\"callbacks.setButtonStyles\" data-id=\"1458\" src=\"https:\/\/gnd.catdiver.fr\/wp-content\/uploads\/2025\/12\/1000052304-576x1024.avif\" alt=\"\" class=\"wp-image-1458\" srcset=\"https:\/\/gnd.catdiver.fr\/wp-content\/uploads\/2025\/12\/1000052304-576x1024.avif 576w, https:\/\/gnd.catdiver.fr\/wp-content\/uploads\/2025\/12\/1000052304-169x300.avif 169w, https:\/\/gnd.catdiver.fr\/wp-content\/uploads\/2025\/12\/1000052304.avif 900w\" sizes=\"auto, (max-width: 576px) 100vw, 576px\" \/><button\n\t\t\tclass=\"lightbox-trigger\"\n\t\t\ttype=\"button\"\n\t\t\taria-haspopup=\"dialog\"\n\t\t\taria-label=\"Agrandir\"\n\t\t\tdata-wp-init=\"callbacks.initTriggerButton\"\n\t\t\tdata-wp-on--click=\"actions.showLightbox\"\n\t\t\tdata-wp-style--right=\"state.imageButtonRight\"\n\t\t\tdata-wp-style--top=\"state.imageButtonTop\"\n\t\t>\n\t\t\t<svg xmlns=\"http:\/\/www.w3.org\/2000\/svg\" width=\"12\" height=\"12\" fill=\"none\" viewBox=\"0 0 12 12\">\n\t\t\t\t<path fill=\"#fff\" d=\"M2 0a2 2 0 0 0-2 2v2h1.5V2a.5.5 0 0 1 .5-.5h2V0H2Zm2 10.5H2a.5.5 0 0 1-.5-.5V8H0v2a2 2 0 0 0 2 2h2v-1.5ZM8 12v-1.5h2a.5.5 0 0 0 .5-.5V8H12v2a2 2 0 0 1-2 2H8Zm2-12a2 2 0 0 1 2 2v2h-1.5V2a.5.5 0 0 0-.5-.5H8V0h2Z\" \/>\n\t\t\t<\/svg>\n\t\t<\/button><figcaption class=\"wp-element-caption\">Tao<\/figcaption><\/figure>\n\n\n\n<figure data-wp-context=\"{&quot;imageId&quot;:&quot;6a04d972332ef&quot;}\" data-wp-interactive=\"core\/image\" data-wp-key=\"6a04d972332ef\" class=\"wp-block-image size-large wp-lightbox-container\"><img loading=\"lazy\" decoding=\"async\" width=\"997\" height=\"1004\" data-wp-class--hide=\"state.isContentHidden\" data-wp-class--show=\"state.isContentVisible\" data-wp-init=\"callbacks.setButtonStyles\" data-wp-on--click=\"actions.showLightbox\" data-wp-on--load=\"callbacks.setButtonStyles\" data-wp-on-window--resize=\"callbacks.setButtonStyles\" data-id=\"1477\" src=\"https:\/\/gnd.catdiver.fr\/wp-content\/uploads\/2026\/01\/IMG_0692.avif\" alt=\"\" class=\"wp-image-1477\" srcset=\"https:\/\/gnd.catdiver.fr\/wp-content\/uploads\/2026\/01\/IMG_0692.avif 997w, https:\/\/gnd.catdiver.fr\/wp-content\/uploads\/2026\/01\/IMG_0692-298x300.avif 298w, https:\/\/gnd.catdiver.fr\/wp-content\/uploads\/2026\/01\/IMG_0692-150x150.avif 150w\" sizes=\"auto, (max-width: 997px) 100vw, 997px\" \/><button\n\t\t\tclass=\"lightbox-trigger\"\n\t\t\ttype=\"button\"\n\t\t\taria-haspopup=\"dialog\"\n\t\t\taria-label=\"Agrandir\"\n\t\t\tdata-wp-init=\"callbacks.initTriggerButton\"\n\t\t\tdata-wp-on--click=\"actions.showLightbox\"\n\t\t\tdata-wp-style--right=\"state.imageButtonRight\"\n\t\t\tdata-wp-style--top=\"state.imageButtonTop\"\n\t\t>\n\t\t\t<svg xmlns=\"http:\/\/www.w3.org\/2000\/svg\" width=\"12\" height=\"12\" fill=\"none\" viewBox=\"0 0 12 12\">\n\t\t\t\t<path fill=\"#fff\" d=\"M2 0a2 2 0 0 0-2 2v2h1.5V2a.5.5 0 0 1 .5-.5h2V0H2Zm2 10.5H2a.5.5 0 0 1-.5-.5V8H0v2a2 2 0 0 0 2 2h2v-1.5ZM8 12v-1.5h2a.5.5 0 0 0 .5-.5V8H12v2a2 2 0 0 1-2 2H8Zm2-12a2 2 0 0 1 2 2v2h-1.5V2a.5.5 0 0 0-.5-.5H8V0h2Z\" \/>\n\t\t\t<\/svg>\n\t\t<\/button><figcaption class=\"wp-element-caption\">\u00c9meline<\/figcaption><\/figure>\n<\/figure>\n\n\n\n<figure class=\"wp-block-gallery has-nested-images columns-default is-cropped wp-block-gallery-3 is-layout-flex wp-block-gallery-is-layout-flex\">\n<figure class=\"wp-block-image size-large\"><img loading=\"lazy\" decoding=\"async\" width=\"1024\" height=\"1009\" data-id=\"1293\" src=\"https:\/\/gnd.catdiver.fr\/wp-content\/uploads\/2024\/03\/cropped-GANG-DES-NIPHARGUS-DECHAINES-2-1024x1009.avif\" alt=\"\" class=\"wp-image-1293\" srcset=\"https:\/\/gnd.catdiver.fr\/wp-content\/uploads\/2024\/03\/cropped-GANG-DES-NIPHARGUS-DECHAINES-2-1024x1009.avif 1024w, https:\/\/gnd.catdiver.fr\/wp-content\/uploads\/2024\/03\/cropped-GANG-DES-NIPHARGUS-DECHAINES-2-300x296.avif 300w, https:\/\/gnd.catdiver.fr\/wp-content\/uploads\/2024\/03\/cropped-GANG-DES-NIPHARGUS-DECHAINES-2.avif 1690w\" sizes=\"auto, (max-width: 1024px) 100vw, 1024px\" \/><figcaption class=\"wp-element-caption\">S\u00e9bastien<\/figcaption><\/figure>\n\n\n\n<figure class=\"wp-block-image size-large\"><img loading=\"lazy\" decoding=\"async\" width=\"439\" height=\"428\" data-id=\"1292\" src=\"https:\/\/gnd.catdiver.fr\/wp-content\/uploads\/2025\/08\/cropped-IMG_0246.avif\" alt=\"\" class=\"wp-image-1292\" srcset=\"https:\/\/gnd.catdiver.fr\/wp-content\/uploads\/2025\/08\/cropped-IMG_0246.avif 439w, https:\/\/gnd.catdiver.fr\/wp-content\/uploads\/2025\/08\/cropped-IMG_0246-300x292.avif 300w\" sizes=\"auto, (max-width: 439px) 100vw, 439px\" \/><figcaption class=\"wp-element-caption\">Mathis<\/figcaption><\/figure>\n\n\n\n<figure class=\"wp-block-image size-large\"><img loading=\"lazy\" decoding=\"async\" width=\"500\" height=\"500\" data-id=\"1207\" src=\"https:\/\/gnd.catdiver.fr\/wp-content\/uploads\/2025\/08\/IMG_0246.avif\" alt=\"\" class=\"wp-image-1207\" srcset=\"https:\/\/gnd.catdiver.fr\/wp-content\/uploads\/2025\/08\/IMG_0246.avif 500w, https:\/\/gnd.catdiver.fr\/wp-content\/uploads\/2025\/08\/IMG_0246-300x300.avif 300w, https:\/\/gnd.catdiver.fr\/wp-content\/uploads\/2025\/08\/IMG_0246-150x150.avif 150w\" sizes=\"auto, (max-width: 500px) 100vw, 500px\" \/><figcaption class=\"wp-element-caption\">Anthony<\/figcaption><\/figure>\n\n\n\n<figure class=\"wp-block-image size-large\"><img loading=\"lazy\" decoding=\"async\" width=\"376\" height=\"456\" data-id=\"678\" src=\"https:\/\/gnd.catdiver.fr\/wp-content\/uploads\/2024\/09\/cropped-logovertGang-des-Niphargus-Dechaines-1.png\" alt=\"\" class=\"wp-image-678\" srcset=\"https:\/\/gnd.catdiver.fr\/wp-content\/uploads\/2024\/09\/cropped-logovertGang-des-Niphargus-Dechaines-1.png 376w, https:\/\/gnd.catdiver.fr\/wp-content\/uploads\/2024\/09\/cropped-logovertGang-des-Niphargus-Dechaines-1-247x300.png 247w\" sizes=\"auto, (max-width: 376px) 100vw, 376px\" \/><figcaption class=\"wp-element-caption\">Aliz\u00e9e<\/figcaption><\/figure>\n\n\n\n<figure class=\"wp-block-image size-large\"><img loading=\"lazy\" decoding=\"async\" width=\"374\" height=\"444\" data-id=\"677\" src=\"https:\/\/gnd.catdiver.fr\/wp-content\/uploads\/2024\/09\/cropped-logovertGang-des-Niphargus-Dechaines.png\" alt=\"\" class=\"wp-image-677\" srcset=\"https:\/\/gnd.catdiver.fr\/wp-content\/uploads\/2024\/09\/cropped-logovertGang-des-Niphargus-Dechaines.png 374w, https:\/\/gnd.catdiver.fr\/wp-content\/uploads\/2024\/09\/cropped-logovertGang-des-Niphargus-Dechaines-253x300.png 253w\" sizes=\"auto, (max-width: 374px) 100vw, 374px\" \/><figcaption class=\"wp-element-caption\">Didou<\/figcaption><\/figure>\n\n\n\n<figure class=\"wp-block-image size-large\"><img loading=\"lazy\" decoding=\"async\" width=\"307\" height=\"409\" data-id=\"1190\" src=\"https:\/\/gnd.catdiver.fr\/wp-content\/uploads\/2025\/08\/IMG_0513.avif\" alt=\"\" class=\"wp-image-1190\" srcset=\"https:\/\/gnd.catdiver.fr\/wp-content\/uploads\/2025\/08\/IMG_0513.avif 307w, https:\/\/gnd.catdiver.fr\/wp-content\/uploads\/2025\/08\/IMG_0513-225x300.avif 225w\" sizes=\"auto, (max-width: 307px) 100vw, 307px\" \/><figcaption class=\"wp-element-caption\">Jo<\/figcaption><\/figure>\n<\/figure>\n\n\n\n<p><\/p>\n","protected":false},"excerpt":{"rendered":"","protected":false},"author":2,"featured_media":0,"parent":53,"menu_order":0,"comment_status":"closed","ping_status":"closed","template":"","meta":{"_sitemap_exclude":false,"_sitemap_priority":"","_sitemap_frequency":"","footnotes":""},"class_list":["post-1302","page","type-page","status-publish","hentry"],"_links":{"self":[{"href":"https:\/\/gnd.catdiver.fr\/index.php\/wp-json\/wp\/v2\/pages\/1302","targetHints":{"allow":["GET"]}}],"collection":[{"href":"https:\/\/gnd.catdiver.fr\/index.php\/wp-json\/wp\/v2\/pages"}],"about":[{"href":"https:\/\/gnd.catdiver.fr\/index.php\/wp-json\/wp\/v2\/types\/page"}],"author":[{"embeddable":true,"href":"https:\/\/gnd.catdiver.fr\/index.php\/wp-json\/wp\/v2\/users\/2"}],"replies":[{"embeddable":true,"href":"https:\/\/gnd.catdiver.fr\/index.php\/wp-json\/wp\/v2\/comments?post=1302"}],"version-history":[{"count":9,"href":"https:\/\/gnd.catdiver.fr\/index.php\/wp-json\/wp\/v2\/pages\/1302\/revisions"}],"predecessor-version":[{"id":1575,"href":"https:\/\/gnd.catdiver.fr\/index.php\/wp-json\/wp\/v2\/pages\/1302\/revisions\/1575"}],"up":[{"embeddable":true,"href":"https:\/\/gnd.catdiver.fr\/index.php\/wp-json\/wp\/v2\/pages\/53"}],"wp:attachment":[{"href":"https:\/\/gnd.catdiver.fr\/index.php\/wp-json\/wp\/v2\/media?parent=1302"}],"curies":[{"name":"wp","href":"https:\/\/api.w.org\/{rel}","templated":true}]}}