{"id":58,"date":"2024-03-03T12:50:21","date_gmt":"2024-03-03T11:50:21","guid":{"rendered":"https:\/\/gnd.catdiver.fr\/?page_id=58"},"modified":"2024-03-03T16:54:22","modified_gmt":"2024-03-03T15:54:22","slug":"plongee-souterraine","status":"publish","type":"page","link":"https:\/\/gnd.catdiver.fr\/index.php\/activites\/plongee-souterraine\/","title":{"rendered":"Plong\u00e9e souterraine"},"content":{"rendered":"\n<p> <\/p>\n\n\n\n<div class=\"wp-block-media-text is-stacked-on-mobile\"><figure class=\"wp-block-media-text__media\"><img loading=\"lazy\" decoding=\"async\" width=\"1024\" height=\"576\" src=\"https:\/\/gnd.catdiver.fr\/wp-content\/uploads\/2024\/03\/nico-1024x576.jpeg\" alt=\"\" class=\"wp-image-134 size-full\" srcset=\"https:\/\/gnd.catdiver.fr\/wp-content\/uploads\/2024\/03\/nico-1024x576.jpeg 1024w, https:\/\/gnd.catdiver.fr\/wp-content\/uploads\/2024\/03\/nico-300x169.jpeg 300w, https:\/\/gnd.catdiver.fr\/wp-content\/uploads\/2024\/03\/nico.jpeg 1920w\" sizes=\"auto, (max-width: 1024px) 100vw, 1024px\" \/><\/figure><div class=\"wp-block-media-text__content\">\n<p>R\u00e9f\u00e9rent de la plong\u00e9e souterraine : Nicolas Desvignes<\/p>\n\n\n\n<figure class=\"wp-block-image alignright size-large is-resized\"><img loading=\"lazy\" decoding=\"async\" width=\"1024\" height=\"853\" src=\"https:\/\/gnd.catdiver.fr\/wp-content\/uploads\/2024\/03\/AUTOCOLLANTBONEX-1024x853.png\" alt=\"\" class=\"wp-image-131\" style=\"width:317px;height:auto\" srcset=\"https:\/\/gnd.catdiver.fr\/wp-content\/uploads\/2024\/03\/AUTOCOLLANTBONEX-1024x853.png 1024w, https:\/\/gnd.catdiver.fr\/wp-content\/uploads\/2024\/03\/AUTOCOLLANTBONEX-300x250.png 300w, https:\/\/gnd.catdiver.fr\/wp-content\/uploads\/2024\/03\/AUTOCOLLANTBONEX.png 1081w\" sizes=\"auto, (max-width: 1024px) 100vw, 1024px\" \/><\/figure>\n<\/div><\/div>\n\n\n\n<p>La plong\u00e9e souterraine est une activit\u00e9 exigeante et hautement technique qui n\u00e9cessite, en plus d&rsquo;un mat\u00e9riel tr\u00e8s sp\u00e9cifique, des qualit\u00e9s de plongeur, de ma\u00eetrise de soi et un respect absolu des r\u00e8gles de s\u00e9curit\u00e9 de base.<br>Elle permet \u00e0 ses pratiquants de les faire \u00e9voluer dans des milieux dans lesquels peut de personnes ont la chance d&rsquo;aller, d&rsquo;explorer des zones vierges encore inconnues de l&rsquo;homme et de r\u00eaver dans un monde silencieux et merveilleux.<\/p>\n\n\n\n<p>Pour aller plus loin, la commission plong\u00e9e souterraine et l&rsquo;EFPS (\u00c9cole Fran\u00e7aise de Plong\u00e9e Souterraine) ont \u00e9dit\u00e9 en partenariat avec la FFS le <em><a href=\"https:\/\/ffspeleo.fr\/produit\/Plong\u00e9e-souterraine_Manuel-Technique-de-Plong\u00e9e-souterraine_7jy5v2pp6rak.html\">Manuel technique de plong\u00e9e souterraine<\/a><\/em> qui aborde les notions fondamentales de s\u00e9curit\u00e9 et de pratique de la plong\u00e9e souterraine \u00e0 la fran\u00e7aise.<\/p>\n\n\n\n<figure class=\"wp-block-gallery has-nested-images columns-default is-cropped wp-block-gallery-1 is-layout-flex wp-block-gallery-is-layout-flex\">\n<figure data-wp-context=\"{&quot;imageId&quot;:&quot;6a04d5e4582bb&quot;}\" data-wp-interactive=\"core\/image\" data-wp-key=\"6a04d5e4582bb\" class=\"wp-block-image size-large wp-lightbox-container\"><img loading=\"lazy\" decoding=\"async\" width=\"1024\" height=\"769\" data-wp-class--hide=\"state.isContentHidden\" data-wp-class--show=\"state.isContentVisible\" data-wp-init=\"callbacks.setButtonStyles\" data-wp-on--click=\"actions.showLightbox\" data-wp-on--load=\"callbacks.setButtonStyles\" data-wp-on-window--resize=\"callbacks.setButtonStyles\" data-id=\"210\" src=\"https:\/\/gnd.catdiver.fr\/wp-content\/uploads\/2024\/03\/plongee1-1024x769.jpeg\" alt=\"\" class=\"wp-image-210\" srcset=\"https:\/\/gnd.catdiver.fr\/wp-content\/uploads\/2024\/03\/plongee1-1024x769.jpeg 1024w, https:\/\/gnd.catdiver.fr\/wp-content\/uploads\/2024\/03\/plongee1-300x225.jpeg 300w, https:\/\/gnd.catdiver.fr\/wp-content\/uploads\/2024\/03\/plongee1-2000x1502.jpeg 2000w, https:\/\/gnd.catdiver.fr\/wp-content\/uploads\/2024\/03\/plongee1.jpeg 2048w\" sizes=\"auto, (max-width: 1024px) 100vw, 1024px\" \/><button\n\t\t\tclass=\"lightbox-trigger\"\n\t\t\ttype=\"button\"\n\t\t\taria-haspopup=\"dialog\"\n\t\t\taria-label=\"Agrandir\"\n\t\t\tdata-wp-init=\"callbacks.initTriggerButton\"\n\t\t\tdata-wp-on--click=\"actions.showLightbox\"\n\t\t\tdata-wp-style--right=\"state.imageButtonRight\"\n\t\t\tdata-wp-style--top=\"state.imageButtonTop\"\n\t\t>\n\t\t\t<svg xmlns=\"http:\/\/www.w3.org\/2000\/svg\" width=\"12\" height=\"12\" fill=\"none\" viewBox=\"0 0 12 12\">\n\t\t\t\t<path fill=\"#fff\" d=\"M2 0a2 2 0 0 0-2 2v2h1.5V2a.5.5 0 0 1 .5-.5h2V0H2Zm2 10.5H2a.5.5 0 0 1-.5-.5V8H0v2a2 2 0 0 0 2 2h2v-1.5ZM8 12v-1.5h2a.5.5 0 0 0 .5-.5V8H12v2a2 2 0 0 1-2 2H8Zm2-12a2 2 0 0 1 2 2v2h-1.5V2a.5.5 0 0 0-.5-.5H8V0h2Z\" \/>\n\t\t\t<\/svg>\n\t\t<\/button><\/figure>\n\n\n\n<figure data-wp-context=\"{&quot;imageId&quot;:&quot;6a04d5e458653&quot;}\" data-wp-interactive=\"core\/image\" data-wp-key=\"6a04d5e458653\" class=\"wp-block-image size-large wp-lightbox-container\"><img loading=\"lazy\" decoding=\"async\" width=\"1024\" height=\"1024\" data-wp-class--hide=\"state.isContentHidden\" data-wp-class--show=\"state.isContentVisible\" data-wp-init=\"callbacks.setButtonStyles\" data-wp-on--click=\"actions.showLightbox\" data-wp-on--load=\"callbacks.setButtonStyles\" data-wp-on-window--resize=\"callbacks.setButtonStyles\" data-id=\"211\" src=\"https:\/\/gnd.catdiver.fr\/wp-content\/uploads\/2024\/03\/plongee2-1024x1024.jpeg\" alt=\"\" class=\"wp-image-211\" srcset=\"https:\/\/gnd.catdiver.fr\/wp-content\/uploads\/2024\/03\/plongee2-1024x1024.jpeg 1024w, https:\/\/gnd.catdiver.fr\/wp-content\/uploads\/2024\/03\/plongee2-300x300.jpeg 300w, https:\/\/gnd.catdiver.fr\/wp-content\/uploads\/2024\/03\/plongee2-150x150.jpeg 150w, https:\/\/gnd.catdiver.fr\/wp-content\/uploads\/2024\/03\/plongee2.jpeg 1440w\" sizes=\"auto, (max-width: 1024px) 100vw, 1024px\" \/><button\n\t\t\tclass=\"lightbox-trigger\"\n\t\t\ttype=\"button\"\n\t\t\taria-haspopup=\"dialog\"\n\t\t\taria-label=\"Agrandir\"\n\t\t\tdata-wp-init=\"callbacks.initTriggerButton\"\n\t\t\tdata-wp-on--click=\"actions.showLightbox\"\n\t\t\tdata-wp-style--right=\"state.imageButtonRight\"\n\t\t\tdata-wp-style--top=\"state.imageButtonTop\"\n\t\t>\n\t\t\t<svg xmlns=\"http:\/\/www.w3.org\/2000\/svg\" width=\"12\" height=\"12\" fill=\"none\" viewBox=\"0 0 12 12\">\n\t\t\t\t<path fill=\"#fff\" d=\"M2 0a2 2 0 0 0-2 2v2h1.5V2a.5.5 0 0 1 .5-.5h2V0H2Zm2 10.5H2a.5.5 0 0 1-.5-.5V8H0v2a2 2 0 0 0 2 2h2v-1.5ZM8 12v-1.5h2a.5.5 0 0 0 .5-.5V8H12v2a2 2 0 0 1-2 2H8Zm2-12a2 2 0 0 1 2 2v2h-1.5V2a.5.5 0 0 0-.5-.5H8V0h2Z\" \/>\n\t\t\t<\/svg>\n\t\t<\/button><\/figure>\n\n\n\n<figure data-wp-context=\"{&quot;imageId&quot;:&quot;6a04d5e45895b&quot;}\" data-wp-interactive=\"core\/image\" data-wp-key=\"6a04d5e45895b\" class=\"wp-block-image size-large wp-lightbox-container\"><img loading=\"lazy\" decoding=\"async\" width=\"1024\" height=\"576\" data-wp-class--hide=\"state.isContentHidden\" data-wp-class--show=\"state.isContentVisible\" data-wp-init=\"callbacks.setButtonStyles\" data-wp-on--click=\"actions.showLightbox\" data-wp-on--load=\"callbacks.setButtonStyles\" data-wp-on-window--resize=\"callbacks.setButtonStyles\" data-id=\"212\" src=\"https:\/\/gnd.catdiver.fr\/wp-content\/uploads\/2024\/03\/plogee4-1024x576.jpeg\" alt=\"\" class=\"wp-image-212\" srcset=\"https:\/\/gnd.catdiver.fr\/wp-content\/uploads\/2024\/03\/plogee4-1024x576.jpeg 1024w, https:\/\/gnd.catdiver.fr\/wp-content\/uploads\/2024\/03\/plogee4-300x169.jpeg 300w, https:\/\/gnd.catdiver.fr\/wp-content\/uploads\/2024\/03\/plogee4-2000x1124.jpeg 2000w, https:\/\/gnd.catdiver.fr\/wp-content\/uploads\/2024\/03\/plogee4.jpeg 2028w\" sizes=\"auto, (max-width: 1024px) 100vw, 1024px\" \/><button\n\t\t\tclass=\"lightbox-trigger\"\n\t\t\ttype=\"button\"\n\t\t\taria-haspopup=\"dialog\"\n\t\t\taria-label=\"Agrandir\"\n\t\t\tdata-wp-init=\"callbacks.initTriggerButton\"\n\t\t\tdata-wp-on--click=\"actions.showLightbox\"\n\t\t\tdata-wp-style--right=\"state.imageButtonRight\"\n\t\t\tdata-wp-style--top=\"state.imageButtonTop\"\n\t\t>\n\t\t\t<svg xmlns=\"http:\/\/www.w3.org\/2000\/svg\" width=\"12\" height=\"12\" fill=\"none\" viewBox=\"0 0 12 12\">\n\t\t\t\t<path fill=\"#fff\" d=\"M2 0a2 2 0 0 0-2 2v2h1.5V2a.5.5 0 0 1 .5-.5h2V0H2Zm2 10.5H2a.5.5 0 0 1-.5-.5V8H0v2a2 2 0 0 0 2 2h2v-1.5ZM8 12v-1.5h2a.5.5 0 0 0 .5-.5V8H12v2a2 2 0 0 1-2 2H8Zm2-12a2 2 0 0 1 2 2v2h-1.5V2a.5.5 0 0 0-.5-.5H8V0h2Z\" \/>\n\t\t\t<\/svg>\n\t\t<\/button><\/figure>\n\n\n\n<figure data-wp-context=\"{&quot;imageId&quot;:&quot;6a04d5e458c77&quot;}\" data-wp-interactive=\"core\/image\" data-wp-key=\"6a04d5e458c77\" class=\"wp-block-image size-large wp-lightbox-container\"><img loading=\"lazy\" decoding=\"async\" width=\"1024\" height=\"583\" data-wp-class--hide=\"state.isContentHidden\" data-wp-class--show=\"state.isContentVisible\" data-wp-init=\"callbacks.setButtonStyles\" data-wp-on--click=\"actions.showLightbox\" data-wp-on--load=\"callbacks.setButtonStyles\" data-wp-on-window--resize=\"callbacks.setButtonStyles\" data-id=\"213\" src=\"https:\/\/gnd.catdiver.fr\/wp-content\/uploads\/2024\/03\/plongee3-1024x583.jpeg\" alt=\"\" class=\"wp-image-213\" srcset=\"https:\/\/gnd.catdiver.fr\/wp-content\/uploads\/2024\/03\/plongee3-1024x583.jpeg 1024w, https:\/\/gnd.catdiver.fr\/wp-content\/uploads\/2024\/03\/plongee3-300x171.jpeg 300w, https:\/\/gnd.catdiver.fr\/wp-content\/uploads\/2024\/03\/plongee3.jpeg 1440w\" sizes=\"auto, (max-width: 1024px) 100vw, 1024px\" \/><button\n\t\t\tclass=\"lightbox-trigger\"\n\t\t\ttype=\"button\"\n\t\t\taria-haspopup=\"dialog\"\n\t\t\taria-label=\"Agrandir\"\n\t\t\tdata-wp-init=\"callbacks.initTriggerButton\"\n\t\t\tdata-wp-on--click=\"actions.showLightbox\"\n\t\t\tdata-wp-style--right=\"state.imageButtonRight\"\n\t\t\tdata-wp-style--top=\"state.imageButtonTop\"\n\t\t>\n\t\t\t<svg xmlns=\"http:\/\/www.w3.org\/2000\/svg\" width=\"12\" height=\"12\" fill=\"none\" viewBox=\"0 0 12 12\">\n\t\t\t\t<path fill=\"#fff\" d=\"M2 0a2 2 0 0 0-2 2v2h1.5V2a.5.5 0 0 1 .5-.5h2V0H2Zm2 10.5H2a.5.5 0 0 1-.5-.5V8H0v2a2 2 0 0 0 2 2h2v-1.5ZM8 12v-1.5h2a.5.5 0 0 0 .5-.5V8H12v2a2 2 0 0 1-2 2H8Zm2-12a2 2 0 0 1 2 2v2h-1.5V2a.5.5 0 0 0-.5-.5H8V0h2Z\" \/>\n\t\t\t<\/svg>\n\t\t<\/button><\/figure>\n\n\n\n<figure data-wp-context=\"{&quot;imageId&quot;:&quot;6a04d5e458f9d&quot;}\" data-wp-interactive=\"core\/image\" data-wp-key=\"6a04d5e458f9d\" class=\"wp-block-image size-large wp-lightbox-container\"><img loading=\"lazy\" decoding=\"async\" width=\"1024\" height=\"1024\" data-wp-class--hide=\"state.isContentHidden\" data-wp-class--show=\"state.isContentVisible\" data-wp-init=\"callbacks.setButtonStyles\" data-wp-on--click=\"actions.showLightbox\" data-wp-on--load=\"callbacks.setButtonStyles\" data-wp-on-window--resize=\"callbacks.setButtonStyles\" data-id=\"214\" src=\"https:\/\/gnd.catdiver.fr\/wp-content\/uploads\/2024\/03\/plongee5-1024x1024.jpeg\" alt=\"\" class=\"wp-image-214\" srcset=\"https:\/\/gnd.catdiver.fr\/wp-content\/uploads\/2024\/03\/plongee5-1024x1024.jpeg 1024w, https:\/\/gnd.catdiver.fr\/wp-content\/uploads\/2024\/03\/plongee5-300x300.jpeg 300w, https:\/\/gnd.catdiver.fr\/wp-content\/uploads\/2024\/03\/plongee5-150x150.jpeg 150w, https:\/\/gnd.catdiver.fr\/wp-content\/uploads\/2024\/03\/plongee5.jpeg 1440w\" sizes=\"auto, (max-width: 1024px) 100vw, 1024px\" \/><button\n\t\t\tclass=\"lightbox-trigger\"\n\t\t\ttype=\"button\"\n\t\t\taria-haspopup=\"dialog\"\n\t\t\taria-label=\"Agrandir\"\n\t\t\tdata-wp-init=\"callbacks.initTriggerButton\"\n\t\t\tdata-wp-on--click=\"actions.showLightbox\"\n\t\t\tdata-wp-style--right=\"state.imageButtonRight\"\n\t\t\tdata-wp-style--top=\"state.imageButtonTop\"\n\t\t>\n\t\t\t<svg xmlns=\"http:\/\/www.w3.org\/2000\/svg\" width=\"12\" height=\"12\" fill=\"none\" viewBox=\"0 0 12 12\">\n\t\t\t\t<path fill=\"#fff\" d=\"M2 0a2 2 0 0 0-2 2v2h1.5V2a.5.5 0 0 1 .5-.5h2V0H2Zm2 10.5H2a.5.5 0 0 1-.5-.5V8H0v2a2 2 0 0 0 2 2h2v-1.5ZM8 12v-1.5h2a.5.5 0 0 0 .5-.5V8H12v2a2 2 0 0 1-2 2H8Zm2-12a2 2 0 0 1 2 2v2h-1.5V2a.5.5 0 0 0-.5-.5H8V0h2Z\" \/>\n\t\t\t<\/svg>\n\t\t<\/button><\/figure>\n\n\n\n<figure data-wp-context=\"{&quot;imageId&quot;:&quot;6a04d5e45924f&quot;}\" data-wp-interactive=\"core\/image\" data-wp-key=\"6a04d5e45924f\" class=\"wp-block-image size-large wp-lightbox-container\"><img loading=\"lazy\" decoding=\"async\" width=\"1024\" height=\"809\" data-wp-class--hide=\"state.isContentHidden\" data-wp-class--show=\"state.isContentVisible\" data-wp-init=\"callbacks.setButtonStyles\" data-wp-on--click=\"actions.showLightbox\" data-wp-on--load=\"callbacks.setButtonStyles\" data-wp-on-window--resize=\"callbacks.setButtonStyles\" data-id=\"204\" src=\"https:\/\/gnd.catdiver.fr\/wp-content\/uploads\/2024\/03\/banniere-1024x809.jpeg\" alt=\"\" class=\"wp-image-204\" srcset=\"https:\/\/gnd.catdiver.fr\/wp-content\/uploads\/2024\/03\/banniere-1024x809.jpeg 1024w, https:\/\/gnd.catdiver.fr\/wp-content\/uploads\/2024\/03\/banniere-300x237.jpeg 300w, https:\/\/gnd.catdiver.fr\/wp-content\/uploads\/2024\/03\/banniere.jpeg 1138w\" sizes=\"auto, (max-width: 1024px) 100vw, 1024px\" \/><button\n\t\t\tclass=\"lightbox-trigger\"\n\t\t\ttype=\"button\"\n\t\t\taria-haspopup=\"dialog\"\n\t\t\taria-label=\"Agrandir\"\n\t\t\tdata-wp-init=\"callbacks.initTriggerButton\"\n\t\t\tdata-wp-on--click=\"actions.showLightbox\"\n\t\t\tdata-wp-style--right=\"state.imageButtonRight\"\n\t\t\tdata-wp-style--top=\"state.imageButtonTop\"\n\t\t>\n\t\t\t<svg xmlns=\"http:\/\/www.w3.org\/2000\/svg\" width=\"12\" height=\"12\" fill=\"none\" viewBox=\"0 0 12 12\">\n\t\t\t\t<path fill=\"#fff\" d=\"M2 0a2 2 0 0 0-2 2v2h1.5V2a.5.5 0 0 1 .5-.5h2V0H2Zm2 10.5H2a.5.5 0 0 1-.5-.5V8H0v2a2 2 0 0 0 2 2h2v-1.5ZM8 12v-1.5h2a.5.5 0 0 0 .5-.5V8H12v2a2 2 0 0 1-2 2H8Zm2-12a2 2 0 0 1 2 2v2h-1.5V2a.5.5 0 0 0-.5-.5H8V0h2Z\" \/>\n\t\t\t<\/svg>\n\t\t<\/button><\/figure>\n\n\n\n<figure data-wp-context=\"{&quot;imageId&quot;:&quot;6a04d5e459578&quot;}\" data-wp-interactive=\"core\/image\" data-wp-key=\"6a04d5e459578\" class=\"wp-block-image size-large wp-lightbox-container\"><img loading=\"lazy\" decoding=\"async\" width=\"1024\" height=\"640\" data-wp-class--hide=\"state.isContentHidden\" data-wp-class--show=\"state.isContentVisible\" data-wp-init=\"callbacks.setButtonStyles\" data-wp-on--click=\"actions.showLightbox\" data-wp-on--load=\"callbacks.setButtonStyles\" data-wp-on-window--resize=\"callbacks.setButtonStyles\" data-id=\"207\" src=\"https:\/\/gnd.catdiver.fr\/wp-content\/uploads\/2024\/03\/plongee8-1024x640.png\" alt=\"\" class=\"wp-image-207\" srcset=\"https:\/\/gnd.catdiver.fr\/wp-content\/uploads\/2024\/03\/plongee8-1024x640.png 1024w, https:\/\/gnd.catdiver.fr\/wp-content\/uploads\/2024\/03\/plongee8-300x188.png 300w, https:\/\/gnd.catdiver.fr\/wp-content\/uploads\/2024\/03\/plongee8.png 1440w\" sizes=\"auto, (max-width: 1024px) 100vw, 1024px\" \/><button\n\t\t\tclass=\"lightbox-trigger\"\n\t\t\ttype=\"button\"\n\t\t\taria-haspopup=\"dialog\"\n\t\t\taria-label=\"Agrandir\"\n\t\t\tdata-wp-init=\"callbacks.initTriggerButton\"\n\t\t\tdata-wp-on--click=\"actions.showLightbox\"\n\t\t\tdata-wp-style--right=\"state.imageButtonRight\"\n\t\t\tdata-wp-style--top=\"state.imageButtonTop\"\n\t\t>\n\t\t\t<svg xmlns=\"http:\/\/www.w3.org\/2000\/svg\" width=\"12\" height=\"12\" fill=\"none\" viewBox=\"0 0 12 12\">\n\t\t\t\t<path fill=\"#fff\" d=\"M2 0a2 2 0 0 0-2 2v2h1.5V2a.5.5 0 0 1 .5-.5h2V0H2Zm2 10.5H2a.5.5 0 0 1-.5-.5V8H0v2a2 2 0 0 0 2 2h2v-1.5ZM8 12v-1.5h2a.5.5 0 0 0 .5-.5V8H12v2a2 2 0 0 1-2 2H8Zm2-12a2 2 0 0 1 2 2v2h-1.5V2a.5.5 0 0 0-.5-.5H8V0h2Z\" \/>\n\t\t\t<\/svg>\n\t\t<\/button><\/figure>\n\n\n\n<figure data-wp-context=\"{&quot;imageId&quot;:&quot;6a04d5e459889&quot;}\" data-wp-interactive=\"core\/image\" data-wp-key=\"6a04d5e459889\" class=\"wp-block-image size-large wp-lightbox-container\"><img loading=\"lazy\" decoding=\"async\" width=\"1024\" height=\"768\" data-wp-class--hide=\"state.isContentHidden\" data-wp-class--show=\"state.isContentVisible\" data-wp-init=\"callbacks.setButtonStyles\" data-wp-on--click=\"actions.showLightbox\" data-wp-on--load=\"callbacks.setButtonStyles\" data-wp-on-window--resize=\"callbacks.setButtonStyles\" data-id=\"215\" src=\"https:\/\/gnd.catdiver.fr\/wp-content\/uploads\/2024\/03\/plongee6-1024x768.jpeg\" alt=\"\" class=\"wp-image-215\" srcset=\"https:\/\/gnd.catdiver.fr\/wp-content\/uploads\/2024\/03\/plongee6-1024x768.jpeg 1024w, https:\/\/gnd.catdiver.fr\/wp-content\/uploads\/2024\/03\/plongee6-300x225.jpeg 300w, https:\/\/gnd.catdiver.fr\/wp-content\/uploads\/2024\/03\/plongee6-2000x1500.jpeg 2000w, https:\/\/gnd.catdiver.fr\/wp-content\/uploads\/2024\/03\/plongee6.jpeg 2048w\" sizes=\"auto, (max-width: 1024px) 100vw, 1024px\" \/><button\n\t\t\tclass=\"lightbox-trigger\"\n\t\t\ttype=\"button\"\n\t\t\taria-haspopup=\"dialog\"\n\t\t\taria-label=\"Agrandir\"\n\t\t\tdata-wp-init=\"callbacks.initTriggerButton\"\n\t\t\tdata-wp-on--click=\"actions.showLightbox\"\n\t\t\tdata-wp-style--right=\"state.imageButtonRight\"\n\t\t\tdata-wp-style--top=\"state.imageButtonTop\"\n\t\t>\n\t\t\t<svg xmlns=\"http:\/\/www.w3.org\/2000\/svg\" width=\"12\" height=\"12\" fill=\"none\" viewBox=\"0 0 12 12\">\n\t\t\t\t<path fill=\"#fff\" d=\"M2 0a2 2 0 0 0-2 2v2h1.5V2a.5.5 0 0 1 .5-.5h2V0H2Zm2 10.5H2a.5.5 0 0 1-.5-.5V8H0v2a2 2 0 0 0 2 2h2v-1.5ZM8 12v-1.5h2a.5.5 0 0 0 .5-.5V8H12v2a2 2 0 0 1-2 2H8Zm2-12a2 2 0 0 1 2 2v2h-1.5V2a.5.5 0 0 0-.5-.5H8V0h2Z\" \/>\n\t\t\t<\/svg>\n\t\t<\/button><\/figure>\n\n\n\n<figure data-wp-context=\"{&quot;imageId&quot;:&quot;6a04d5e459c00&quot;}\" data-wp-interactive=\"core\/image\" data-wp-key=\"6a04d5e459c00\" class=\"wp-block-image size-large wp-lightbox-container\"><img loading=\"lazy\" decoding=\"async\" width=\"960\" height=\"960\" data-wp-class--hide=\"state.isContentHidden\" data-wp-class--show=\"state.isContentVisible\" data-wp-init=\"callbacks.setButtonStyles\" data-wp-on--click=\"actions.showLightbox\" data-wp-on--load=\"callbacks.setButtonStyles\" data-wp-on-window--resize=\"callbacks.setButtonStyles\" data-id=\"208\" src=\"https:\/\/gnd.catdiver.fr\/wp-content\/uploads\/2024\/03\/plongee7.jpeg\" alt=\"\" class=\"wp-image-208\" srcset=\"https:\/\/gnd.catdiver.fr\/wp-content\/uploads\/2024\/03\/plongee7.jpeg 960w, https:\/\/gnd.catdiver.fr\/wp-content\/uploads\/2024\/03\/plongee7-300x300.jpeg 300w, https:\/\/gnd.catdiver.fr\/wp-content\/uploads\/2024\/03\/plongee7-150x150.jpeg 150w\" sizes=\"auto, (max-width: 960px) 100vw, 960px\" \/><button\n\t\t\tclass=\"lightbox-trigger\"\n\t\t\ttype=\"button\"\n\t\t\taria-haspopup=\"dialog\"\n\t\t\taria-label=\"Agrandir\"\n\t\t\tdata-wp-init=\"callbacks.initTriggerButton\"\n\t\t\tdata-wp-on--click=\"actions.showLightbox\"\n\t\t\tdata-wp-style--right=\"state.imageButtonRight\"\n\t\t\tdata-wp-style--top=\"state.imageButtonTop\"\n\t\t>\n\t\t\t<svg xmlns=\"http:\/\/www.w3.org\/2000\/svg\" width=\"12\" height=\"12\" fill=\"none\" viewBox=\"0 0 12 12\">\n\t\t\t\t<path fill=\"#fff\" d=\"M2 0a2 2 0 0 0-2 2v2h1.5V2a.5.5 0 0 1 .5-.5h2V0H2Zm2 10.5H2a.5.5 0 0 1-.5-.5V8H0v2a2 2 0 0 0 2 2h2v-1.5ZM8 12v-1.5h2a.5.5 0 0 0 .5-.5V8H12v2a2 2 0 0 1-2 2H8Zm2-12a2 2 0 0 1 2 2v2h-1.5V2a.5.5 0 0 0-.5-.5H8V0h2Z\" \/>\n\t\t\t<\/svg>\n\t\t<\/button><\/figure>\n<\/figure>\n\n\n\n<div style=\"height:100px\" aria-hidden=\"true\" class=\"wp-block-spacer\"><\/div>\n","protected":false},"excerpt":{"rendered":"<p>La plong\u00e9e souterraine est une activit\u00e9 exigeante et hautement technique qui n\u00e9cessite, en plus d&rsquo;un mat\u00e9riel tr\u00e8s sp\u00e9cifique, des qualit\u00e9s de plongeur, de ma\u00eetrise de soi et un respect absolu &hellip; <\/p>\n<p class=\"link-more\"><a href=\"https:\/\/gnd.catdiver.fr\/index.php\/activites\/plongee-souterraine\/\" class=\"more-link\">Lire la suite de<span class=\"screen-reader-text\">\u00ab\u00a0Plong\u00e9e souterraine\u00a0\u00bb<\/span><\/a><\/p>\n","protected":false},"author":2,"featured_media":0,"parent":53,"menu_order":0,"comment_status":"closed","ping_status":"closed","template":"","meta":{"_sitemap_exclude":false,"_sitemap_priority":"","_sitemap_frequency":"","footnotes":""},"class_list":["post-58","page","type-page","status-publish","hentry"],"_links":{"self":[{"href":"https:\/\/gnd.catdiver.fr\/index.php\/wp-json\/wp\/v2\/pages\/58","targetHints":{"allow":["GET"]}}],"collection":[{"href":"https:\/\/gnd.catdiver.fr\/index.php\/wp-json\/wp\/v2\/pages"}],"about":[{"href":"https:\/\/gnd.catdiver.fr\/index.php\/wp-json\/wp\/v2\/types\/page"}],"author":[{"embeddable":true,"href":"https:\/\/gnd.catdiver.fr\/index.php\/wp-json\/wp\/v2\/users\/2"}],"replies":[{"embeddable":true,"href":"https:\/\/gnd.catdiver.fr\/index.php\/wp-json\/wp\/v2\/comments?post=58"}],"version-history":[{"count":0,"href":"https:\/\/gnd.catdiver.fr\/index.php\/wp-json\/wp\/v2\/pages\/58\/revisions"}],"up":[{"embeddable":true,"href":"https:\/\/gnd.catdiver.fr\/index.php\/wp-json\/wp\/v2\/pages\/53"}],"wp:attachment":[{"href":"https:\/\/gnd.catdiver.fr\/index.php\/wp-json\/wp\/v2\/media?parent=58"}],"curies":[{"name":"wp","href":"https:\/\/api.w.org\/{rel}","templated":true}]}}